*z = 2*z. Suppose -j = -z*x + 3*x - 48, -3*x = 3*j - 54. Suppose 7 - x = -l. What is the units digit of l?
8
Let q be (-13)/((-1)/1) - -2. Let n = q + -4. What is the units digit of n?
1
Let d(j) = 5*j**2 - 2*j + 6. What is the units digit of d(3)?
5
Suppose -3*l = 4*u - 126, -l = 2*u - 4*u - 32. Let m = l - 16. What is the tens digit of m?
2
Suppose -4*x + 7 = -5. Suppose x*m + 27 = 66. What is the units digit of m?
3
Suppose 2*f - 11 = -3*h, -3*h + 3*f + 17 = 2*f. Let z(i) = 2*i**2 - 6*i - 6. What is the tens digit of z(h)?
1
Suppose 14*v - 15*v - 42 = 0. Let c = 73 + v. What is the tens digit of c?
3
Let p(i) be the second derivative of i**4/12 + i**3/6 - 3*i**2/2 + i. Suppose 9*z - 4*z - 3*x = -35, 3*x - 23 = 2*z. What is the units digit of p(z)?
9
Suppose -4*z + 1196 + 100 = 5*t, -4*t = 16. What is the hundreds digit of z?
3
Let p = -9 + 18. What is the units digit of p?
9
Let o(f) = 2*f + 49. What is the units digit of o(0)?
9
What is the tens digit of (28/(-42))/((-4)/114)?
1
Let y = -3 - -5. Suppose -3*w + 4*w = 5*i + 16, 0 = -2*w - y*i - 4. What is the units digit of w?
1
Suppose -5*u - 5*h - 50 = -10*u, -u = h - 2. Let w(l) be the second derivative of -l**4/12 + 3*l**3/2 - 7*l**2/2 - 3*l. What is the units digit of w(u)?
1
What is the tens digit of (-4)/(-18) + 1608/54?
3
Suppose 2*q + 3*l - 317 = 0, -l + 0*l - 156 = -q. What is the tens digit of q?
5
What is the units digit of 472/56 - 4*2/(-14)?
9
Suppose 10*f - 488 = 6*f. What is the units digit of f?
2
Let f(u) = 6*u**2 + 5*u - 5. What is the tens digit of f(3)?
6
Suppose -2*g + 5*t = -248, -g = 5*t - 98 - 26. What is the units digit of g?
4
Let s(x) = -x**2 + x + 8. Suppose 5*l - 10 = -5*z, 3*l = -z - z + 6. What is the units digit of s(z)?
8
Suppose -3*h - 5*n + 30 = 0, 0 = -4*h - 5*n + 41 + 4. What is the tens digit of h?
1
Let p = 0 + 9. What is the units digit of p?
9
Suppose -o + 10 = -1. What is the tens digit of o?
1
Let z(r) = 2*r + 39. What is the units digit of z(-14)?
1
Let h(q) = 2*q + 2. Let d be h(2). Let b = d + -6. Suppose 0*z - 3*z + 40 = 5*w, -5*w - 2*z + 45 = b. What is the tens digit of w?
1
Suppose 0 = -y - 2 - 6. Let j(f) = -3*f - 5. What is the tens digit of j(y)?
1
Suppose 0 = -5*v + 14 + 6. Let t be (-8)/3 + v/(-12). Let n(w) = w**2 + w - 3. What is the units digit of n(t)?
3
Let j = -2 - -4. Let h = j + -1. Suppose -h = -3*u + 35. What is the tens digit of u?
1
Suppose -5*p + 5*w = -4*p + 19, 5 = 5*p - 5*w. What is the units digit of p?
6
Let v(f) = f**3 + 9*f**2 - 11*f - 8. Let d be v(-10). Suppose 11 = d*i - 27. What is the units digit of i?
9
Let w = -26 - -29. Suppose 5*x - 9 = 2*u, 3*x - 21 = -x - w*u. What is the units digit of x?
3
Let f(s) = s + 10. Suppose 0 = -4*p - 0*p - 28. Let j be f(p). Suppose j*h - 2 = -3*g - 8, 3*g = 5*h + 26. What is the units digit of g?
2
Let k(j) = -j**3 + 8*j**2 - 7*j - 8. What is the tens digit of k(6)?
2
Let z = 11 + 42. Let i = -34 + z. What is the tens digit of i?
1
Suppose -m + 4*m - 5*t + 22 = 0, 2*m = 4*t - 18. Let c be (m*-14)/2 + 0. Let f = -3 - c. What is the units digit of f?
4
Suppose -2*i + 3*i - 2 = 0. Suppose 6 = 2*r - i. Suppose r = j - 4. What is the units digit of j?
8
What is the units digit of 4 + 1172/9 - 4/18?
4
Let u(z) = 10*z - 3 + 3. What is the tens digit of u(1)?
1
Let x be (5/4)/((-4)/(-16)). Suppose -2*l - 3*l + 108 = 4*r, -50 = -3*l + x*r. What is the tens digit of l?
2
Suppose -5*y - q + 197 = -2093, -3*y - q = -1376. What is the hundreds digit of y?
4
Let i = 98 - 26. What is the units digit of i?
2
Let c = 10 - 10. Suppose 3*d + 2*s = 17, -2*d - 4*s + 6 = -c. What is the units digit of d?
7
What is the tens digit of (1 - 4)/((-2)/40)?
6
Let v = -4 - -1. Let b = -1 - v. What is the units digit of b?
2
Suppose -q + 1 + 2 = 0. Suppose -q*c = v - 70, -3*c - v + 73 = 3*v. What is the tens digit of c?
2
What is the units digit of (-12)/(-90)*-5*-42?
8
Suppose 0 = 2*l - v - v - 10, 4*l - 5*v = 15. What is the units digit of l?
0
Let r(v) = -2*v - 1. Let l be r(3). What is the units digit of (-15)/(-4) - l/28?
4
What is the tens digit of 2481/21 - -2*(-1)/14?
1
Let k(g) = 5*g**2. Let d be k(-1). Suppose -d*t - 1 = -11. What is the units digit of t?
2
Let s be 0 - -1 - 12/(-3). Let p(t) = -2*t**3 - 3*t + s*t**2 + 0*t + 3*t**3 - 6. What is the units digit of p(-5)?
9
What is the units digit of (-2)/(-7) - (-8184)/168?
9
Let c(h) = -17*h - 18. What is the tens digit of c(-6)?
8
Let t(f) = 2*f**2 + 11*f + 5. What is the tens digit of t(-7)?
2
Let n(u) = -u + 11. Let r(i) = -1. Let w(o) = n(o) + 4*r(o). What is the tens digit of w(-6)?
1
Let s(p) = p**2 + 9*p + 10. Let c(z) = z**3 - 8*z**2 + 5*z + 5. Let j be c(7). What is the units digit of s(j)?
0
Suppose s - 10 - 7 = 0. What is the tens digit of s?
1
Suppose 5*m - 2*m - 539 = -4*w, -2*m = -3*w - 365. What is the units digit of m?
1
Suppose -14*z + 62 = -470. What is the units digit of z?
8
Let h(n) = -n**3 + 12*n**2 - 13*n - 8. What is the units digit of h(7)?
6
Suppose -4*b + 11 = -1. Suppose 0 = 3*t + 4*n - 20, 2*t - b*n - 8 - 11 = 0. What is the units digit of t?
8
Let r be (6/5)/(4/10). Suppose p - 4*p - 2*k = -56, -4*k - 50 = -r*p. What is the units digit of p?
8
Let i(y) = 39*y**2. What is the tens digit of i(-1)?
3
Let y be 2*3 + 3/1. Suppose -4*a + y*a = 45. What is the units digit of a?
9
Suppose -12 = -4*q - 3*m, 3*m = 4*q + 4*m - 20. What is the units digit of 2*q*(-1)/(-4)?
3
Let p = -2 - 0. Let a = p + 4. What is the units digit of a?
2
Suppose -560 = f - 5*f. What is the units digit of f?
0
Let i = -12 + 8. What is the units digit of (-2 - i) + (1 - -22)?
5
Let n(x) = -x**3 - 3*x**2 + 3*x + 4. Let i = -11 - -7. What is the units digit of n(i)?
8
Let x(l) = 3 - 4*l - l - 5 + l**2. Let q be x(4). What is the units digit of q/10*(1 - 6)?
3
Let d = -11 - -11. Let f = 1 + d. What is the units digit of f?
1
Let u(g) = 3*g - 3. Let t = 5 + -2. What is the units digit of u(t)?
6
Let r(s) = -42*s + 44*s + 3 - 3. What is the units digit of r(1)?
2
Suppose -4*t + 10 = -5*o, 0 = -3*o + 3*t + t - 14. Suppose 48 = o*w + 2*w. What is the units digit of w?
2
Suppose -780 = -3*w + 3*g, 3*w - 790 = -3*g + g. What is the tens digit of w?
6
Let b(p) = p + 4. Let i(q) = -q**3 - 7*q**2 - 8*q - 6. Suppose x - 5*x = 24. Let g be i(x). What is the tens digit of b(g)?
1
Let q = 6 + 1. Suppose 2*k + q = s, -5*s + k + 3*k + 29 = 0. What is the units digit of s?
5
Suppose 0 = -6*n + 2*n + 16. Suppose n*c + 3*i - 1 = 0, i = 5*c + 5*i. Suppose -5*j + 2 = -2*a - 2, 0 = 4*a - c*j - 16. What is the units digit of a?
8
Suppose -3*t = o + 12, -5*t - 27 = -4*o + 10. Let g be -2*(-20)/(-6)*o. What is the units digit of (-14)/(-10) - (-8)/g?
1
What is the units digit of (-266)/(-4) - (-9)/(-6)?
5
Let z = 0 - 0. Let d(x) = -x**3 + 5*x**2 - 2*x + 4. Let f be d(3). Suppose z = -4*u - f, 3*v + 8*u = 3*u + 7. What is the units digit of v?
9
Suppose z = -4 + 10. Let f be (-34)/4 + 3/z. What is the units digit of ((-2)/(-2))/((-2)/f)?
4
Let p = -201 + 379. What is the hundreds digit of p?
1
Let h = 19 - -41. What is the units digit of h?
0
Let i(m) = m**2 + 17*m. What is the tens digit of i(7)?
6
Let d be (-6)/(-8)*(-132)/3. Let f = d + 55. What is the tens digit of f?
2
Let q be (-104)/28 - 4/14. What is the units digit of 41 + 3*(q + 5)?
4
Let v = -13 + 16. Suppose 21 = v*a - 12. What is the tens digit of a?
1
Let u(g) = g**3 + 2*g**2 - 5*g - 4. Let d(v) = -v - 10. Let t be d(-7). What is the units digit of u(t)?
2
Suppose 0 = -14*f + 451 + 1117. What is the units digit of f?
2
Let n(q) be the third derivative of q**5/60 + q**4/4 + 7*q**3/6 + q**2. What is the units digit of n(-7)?
4
Let v be -3 - (2 + -3) - 2. What is the units digit of 45/(-10)*v/3?
6
Let w(h) = h - 1. Let o be w(6). Let j = 14 - o. What is the units digit of j?
9
Let m(a) = a**2 - a. Let k be m(3). Let b = k + -2. What is the units digit of b?
4
Let h be 45/6*8/10. Let a be h/(-3)*2/(-1). What is the units digit of 1/a - 135/(-36)?
4
Suppose -2*c - n + 6 = -c, -4*c - 3*n = -23. Suppose 0 = l, -c*j = 6*l - 4*l - 20. What is the units digit of j?
4
Suppose -4*n - n + 7 = -3*h, -h - n + 3 = 0. Let x(c) = 7*c + 1. What is the units digit of x(h)?
8
Let p be ((-4)/10 - 0)*-5. Suppose -p*i + 2*r = -2*r 